number?
False
Is 611076329 a prime number?
True
Is 15231207949 a composite number?
False
Is 4248035039 prime?
True
Is 903758231 prime?
True
Is 544365661955 a composite number?
True
Is 26535303407 composite?
False
Is 770466293 a prime number?
True
Is 13318076779 composite?
True
Is 7097623217 a prime number?
True
Is 1747103063 a prime number?
True
Is 4415583686 a prime number?
False
Is 1986823043 a composite number?
False
Is 45539203361 composite?
True
Is 3296899901 a prime number?
False
Is 5660721289 composite?
False
Is 24224429857 a composite number?
False
Is 76098335327 a composite number?
True
Is 8027169199 prime?
False
Is 314368661809 prime?
True
Is 1249300909 prime?
True
Is 505254487 a composite number?
False
Is 295264093 a prime number?
False
Is 126923099 a composite number?
True
Is 8090303951 a prime number?
False
Is 283723189 prime?
False
Is 28320385787 a composite number?
False
Is 1218327133 a composite number?
True
Is 1718779411 a prime number?
False
Is 1008423019 a composite number?
True
Is 1200732943 prime?
True
Is 1225773473 composite?
True
Is 445896691 composite?
False
Is 20529729019 composite?
False
Is 10293950189 a composite number?
True
Is 1543624451 a prime number?
True
Is 80985589301 composite?
False
Is 183583327 a prime number?
False
Is 23486419421 prime?
True
Is 21986870495 composite?
True
Is 4954682053 a composite number?
False
Is 218656508285 composite?
True
Is 3439558523 a prime number?
False
Is 2051699698 a prime number?
False
Is 675320729 prime?
True
Is 39934263557 a composite number?
True
Is 13020043009 composite?
True
Is 3064640077 a composite number?
False
Is 47083069441 a prime number?
True
Is 2065848493 prime?
True
Is 322011857 composite?
False
Is 1460028919 composite?
False
Is 10775939 a composite number?
False
Is 5428183037 composite?
False
Is 228706421 a composite number?
False
Is 377533253 a prime number?
False
Is 616648283 composite?
False
Is 26669419 a prime number?
False
Is 29066234763 composite?
True
Is 363647561 composite?
True
Is 184338409 a composite number?
False
Is 2930668601 composite?
True
Is 279352583 a composite number?
True
Is 3240670553 prime?
True
Is 3954928667 prime?
True
Is 3514334819 a composite number?
False
Is 53980762103 prime?
False
Is 16378792583 composite?
False
Is 1019793001 a prime number?
False
Is 23940102097 a composite number?
False
Is 228927737 a composite number?
False
Is 6769719017 composite?
False
Is 6270864077 composite?
False
Is 43030698817 prime?
True
Is 596574299 a prime number?
False
Is 3779417479 a prime number?
False
Is 43901842501 a composite number?
True
Is 55760334551 composite?
False
Is 1358896145 a composite number?
True
Is 9381857027 a prime number?
True
Is 539864123 composite?
False
Is 98499563 a composite number?
False
Is 550375765321 a composite number?
False
Is 19888095659 a composite number?
False
Is 47236406963 prime?
False
Is 418774313 composite?
False
Is 94353989231 a prime number?
False
Is 5982837437 a composite number?
True
Is 312882007 a prime number?
True
Is 4073042447 prime?
True
Is 3198136621 composite?
False
Is 871462997 a prime number?
True
Is 1410245477 a prime number?
True
Is 87903414421 composite?
False
Is 25615289149 a composite number?
False
Is 8336313751 prime?
True
Is 59960000279 a prime number?
False
Is 43036122247 a prime number?
True
Is 672273683 a prime number?
False
Is 64681807 a prime number?
True
Is 322063039 composite?
True
Is 2307574151 a composite number?
True
Is 739301657 composite?
False
Is 328184347 prime?
False
Is 12760688879 a composite number?
False
Is 46810391 prime?
True
Is 4716190993 prime?
True
Is 85252374353 a prime number?
True
Is 40140379297 composite?
False
Is 258285073 prime?
False
Is 1105465367 a prime number?
True
Is 687076171 a composite number?
True
Is 798702431 a composite number?
True
Is 14343841783 composite?
True
Is 4214381891 a prime number?
False
Is 9794488097 a prime number?
True
Is 1067785781 a prime number?
False
Is 14221561 prime?
True
Is 473090683 a composite number?
True
Is 7771685431 prime?
True
Is 4386495487 a composite number?
True
Is 40057793453 composite?
False
Is 3708073199 composite?
False
Is 11910568357 composite?
False
Is 663516577 composite?
False
Is 370129037 a composite number?
False
Is 84221485847 prime?
True
Is 14690081509 a prime number?
False
Is 600167921 a prime number?
True
Is 2049887087 a composite number?
True
Is 12337547757 composite?
True
Is 554539613 a prime number?
False
Is 239900597 a composite number?
False
Is 1238521541 a prime number?
True
Is 4440882337 prime?
True
Is 2988868811 prime?
False
Is 23466319363 a composite number?
False
Is 59226733 prime?
False
Is 1357930129 prime?
True
Is 236941602809 composite?
False
Is 4659793103 composite?
True
Is 15262077191 prime?
True
Is 58626964637 composite?
True
Is 851726077 a composite number?
False
Is 31717026214 a prime number?
False
Is 11067546481 a composite number?
True
Is 4614221293 a composite number?
True
Is 160757083 a composite number?
True
Is 1019860411 a prime number?
False
Is 516905941 a prime number?
False
Is 3254177737 a prime number?
True
Is 5158744301 prime?
False
Is 6063989207 prime?
True
Is 579172826 composite?
True
Is 41008823 composite?
True
Is 12402930167 a composite number?
True
Is 101739203 prime?
False
Is 1510561347 prime?
False
Is 81859852781 a composite number?
True
Is 75253303 prime?
True
Is 4269691421 prime?
False
Is 13634354863 prime?
True
Is 4529673961 a prime number?
False
Is 9421490935 prime?
False
Is 2036293327 composite?
True
Is 2358324667 a prime number?
False
Is 599794397 prime?
False
Is 454035689 prime?
True
Is 144953643 composite?
True
Is 191427829181 prime?
False
Is 52538659 a composite number?
True
Is 403631717 a prime number?
True
Is 24448367767 a prime number?
True
Is 82721722081 a composite number?
True
Is 1883002301 a prime number?
True
Is 49264477097 composite?
True
Is 443953801 prime?
False
Is 627584381 composite?
False
Is 724124873 a composite number?
True
Is 2619311951 composite?
False
Is 174300948889 prime?
False
Is 4783683959 a prime number?
False
Is 10172448443 a prime number?
False
Is 217551323 a composite number?
True
Is 39101422351 a composite number?
True
Is 1732623247 a composite number?
True
Is 3942502351 prime?
False
Is 4919406871 a prime number?
True
Is 11067489791 a composite number?
True
Is 4344816782 a composite number?
True
Is 137790313 composite?
False
Is 202676751619 composite?
False
Is 1010874391 composite?
True
Is 18997448399 a composite number?
True
Is 20054285 a composite number?
True
Is 294752009 a prime number?
False
Is 57532261 a composite number?
False
Is 213520001 a prime number?
True
Is 1862525473 prime?
True
Is 15653244713 prime?
True
Is 2448804613 prime?
True
Is 5123862091 a composite number?
False
Is 42294547381 a prime number?
False
Is 1539470561 a composite number?
False
Is 32587331 composite?
True
Is 3374566387 prime?
False
Is 19846881949 a prime number?
False
Is 1412859049 prime?
False
Is 217884739 a prime number?
False
Is 9370227907 prime?
True
Is 7612370407 composite?
True
Is 3853156985 a composite number?
True
Is 15565111 a composite number?
True
Is 1089403429 a prime number?
True
Is 43753399771 a prime number?
True
Is 6013139261 composite?
True
Is 5338308427 a composite number?
True
Is 912340867 prime?
False
Is 7544633461 prime?
False
Is 513666631 prime?
True
Is 70457383717 a composite number?
True
Is 1724107871 prime?
True
Is 2165728051 a prime number?
False
Is 503478179 composite?
True
Is 918066841 prime?
False
Is 32600173 a prime number?
False
Is 279055717657 prime?
True
Is 92255815697 prime?
True
Is 2153869117 a prime number?
False
Is 1399088729 prime?
False
Is 51915767 composite?
True
Is 2592651683 prime?
True
Is 2192872405 prime?
False
Is 80913883 composite?
True
Is 4240429703 composite?
False
Is 1462191373 prime?
True
Is 30971523203 a composite number?
False
Is 758172739 prime?
False
Is 1319725597 a prime number?
True
Is 87245491 composite?
False
Is 5160234359 a prime number?
False
Is 113486433851 composite?
True
Is 70016230087 a prime number?
True
Is 595554841 prime?
False
Is 17027085851 prime?
True
Is 470782199 composite?
True
Is 3019628847 a composite number?
True
Is 48973232677 a composite number?
False
Is 242710477 a composite numbe